hat are the prime factors of 204190301?
7, 499, 1193
What are the prime factors of 982521532?
2, 37, 103, 64453
What are the prime factors of 2813728436?
2, 2521, 279029
What are the prime factors of 14580423?
3, 11, 13, 11329
What are the prime factors of 180407558?
2, 337, 267667
List the prime factors of 3386543.
23, 73, 2017
List the prime factors of 454367602.
2, 13, 17, 67, 229
List the prime factors of 121903763.
53, 2300071
List the prime factors of 356244208.
2, 47, 473729
What are the prime factors of 1111985917?
7, 158855131
List the prime factors of 182543595.
3, 5, 13, 137, 6833
List the prime factors of 92708367.
3, 30902789
List the prime factors of 319623917.
269, 733, 1621
What are the prime factors of 3178509591?
3, 29, 36534593
What are the prime factors of 6491918930?
2, 5, 7, 113, 820723
List the prime factors of 518286419.
7, 74040917
What are the prime factors of 1469829532?
2, 787, 466909
List the prime factors of 1620373856.
2, 37, 197, 6947
List the prime factors of 76864546.
2, 11, 97, 181, 199
List the prime factors of 58470072.
2, 3, 17, 139, 1031
What are the prime factors of 1405284253?
1405284253
What are the prime factors of 287783686?
2, 8293, 17351
What are the prime factors of 155925504?
2, 3, 7, 2417
What are the prime factors of 41139609?
3, 7, 17, 115237
What are the prime factors of 791433673?
26981, 29333
List the prime factors of 106189209.
3, 7, 1685543
List the prime factors of 281053326.
2, 3, 29, 47, 34367
List the prime factors of 41191273.
4547, 9059
List the prime factors of 225981290.
2, 5, 1123, 20123
What are the prime factors of 406596249?
3, 2221, 20341
What are the prime factors of 160588876?
2, 7, 431, 1901
List the prime factors of 5215475287.
11, 311, 1524547
List the prime factors of 62476474.
2, 31238237
What are the prime factors of 90513658?
2, 83, 269, 2027
What are the prime factors of 896505791?
277, 3236483
What are the prime factors of 2548832458?
2, 79, 16131851
What are the prime factors of 173039194?
2, 19, 4553663
List the prime factors of 488572482.
2, 3, 41, 1986067
List the prime factors of 187586171.
187586171
What are the prime factors of 998918761?
569, 1755569
What are the prime factors of 11033565?
3, 5, 735571
List the prime factors of 186561749.
11, 53, 97, 3299
List the prime factors of 2925526098.
2, 3, 11, 103, 233, 1847
List the prime factors of 206191862.
2, 149, 691919
List the prime factors of 74085096.
2, 3, 53, 58243
List the prime factors of 16330840.
2, 5, 408271
What are the prime factors of 631296990?
2, 3, 5, 239, 1087
List the prime factors of 1831315354.
2, 11, 71, 1172417
What are the prime factors of 79347811?
1123, 70657
What are the prime factors of 90292062?
2, 3, 7, 37, 97, 599
List the prime factors of 1568895475.
5, 7, 601, 2131
What are the prime factors of 1522894811?
269, 5661319
What are the prime factors of 187449398?
2, 93724699
List the prime factors of 39692766.
2, 3, 151, 193, 227
What are the prime factors of 51733571?
51733571
List the prime factors of 14484991.
491, 29501
What are the prime factors of 312370366?
2, 7, 11, 47, 103, 419
What are the prime factors of 5014360561?
7, 14619127
List the prime factors of 359014803.
3, 7, 73, 234191
List the prime factors of 184750839.
3, 7, 13, 225581
What are the prime factors of 47392372?
2, 11848093
List the prime factors of 947516969.
7, 19337081
What are the prime factors of 41930253?
3, 4658917
List the prime factors of 7228112887.
17, 7907, 53773
What are the prime factors of 583935404?
2, 13, 11229527
List the prime factors of 84352548.
2, 3, 7, 307, 3271
List the prime factors of 89508955.
5, 17901791
List the prime factors of 356580447.
3, 5701, 20849
What are the prime factors of 677785183?
23, 29468921
What are the prime factors of 83919760?
2, 5, 151, 6947
List the prime factors of 64731318.
2, 3, 293, 36821
What are the prime factors of 61446340?
2, 5, 23, 31, 139
List the prime factors of 2278589380.
2, 5, 347, 328327
List the prime factors of 639654999.
3, 213218333
List the prime factors of 48514570.
2, 5, 13, 157, 2377
List the prime factors of 44398617.
3, 727, 20357
What are the prime factors of 15260533?
15260533
List the prime factors of 3504566250.
2, 3, 5, 34613
What are the prime factors of 47376145?
5, 401, 23629
What are the prime factors of 160978014?
2, 3, 29, 137, 2251
List the prime factors of 80211508.
2, 13, 17, 31, 2927
What are the prime factors of 49520339?
11, 409259
What are the prime factors of 907631358?
2, 3, 43, 139, 25309
List the prime factors of 674592637.
347, 1944071
List the prime factors of 817083738.
2, 3, 101, 449441
What are the prime factors of 6335052219?
3, 19, 23, 563, 2861
What are the prime factors of 200161925?
5, 59, 97, 1399
What are the prime factors of 249711889?
7, 19, 38317
List the prime factors of 3144730552.
2, 393091319
List the prime factors of 99537694.
2, 19, 2619413
List the prime factors of 628011723.
3, 1223, 171167
What are the prime factors of 64470315?
3, 5, 7, 13, 73, 647
List the prime factors of 164378287.
17, 568783
List the prime factors of 161213885.
5, 7, 1013, 4547
List the prime factors of 329870783.
11, 31, 967363
List the prime factors of 2096907579.
3, 13, 223, 80369
What are the prime factors of 5330712?
2, 3, 222113
What are the prime factors of 10996719?
3, 3665573
What are the prime factors of 273454613?
23, 53, 224327
List the prime factors of 375048337.
375048337
List the prime factors of 434256198.
2, 3, 37, 1956109
What are the prime factors of 1971610855?
5, 394322171
List the prime factors of 165021076.
2, 11, 149, 25171
What are the prime factors of 1719765890?
2, 5, 23, 7477243
List the prime factors of 84198375.
3, 5, 74843
What are the prime factors of 1006168916?
2, 251542229
List the prime factors of 355517251.
617, 576203
List the prime factors of 12992662.
2, 1031, 6301
What are the prime factors of 51080324?
2, 599, 21319
List the prime factors of 3380562925.
5, 223, 606379
List the prime factors of 7353549429.
3, 59, 41545477
What are the prime factors of 68521512?
2, 3, 2855063
What are the prime factors of 93913624?
2, 7, 73, 22973
What are the prime factors of 8265000?
2, 3, 5, 19, 29
What are the prime factors of 231226866?
2, 3, 13, 23, 14321
What are the prime factors of 528195089?
15887, 33247
What are the prime factors of 23966759?
23, 53, 19661
List the prime factors of 145872926.
2, 103, 349, 2029
What are the prime factors of 586709732?
2, 7, 179, 2389
List the prime factors of 51965772.
2, 3, 4330481
What are the prime factors of 8435355502?
2, 7, 31, 19436303
List the prime factors of 136662616.
2, 29, 589063
What are the prime factors of 371106956?
2, 11, 283, 29803
List the prime factors of 216434262.
2, 3, 11, 631, 5197
List the prime factors of 75180138.
2, 3, 11, 487, 2339
List the prime factors of 53402827.
139, 384193
List the prime factors of 127015937.
43, 2953859
What are the prime factors of 750954515?
5, 17, 8834759
What are the prime factors of 4283620707?
3, 1427873569
What are the prime factors of 205419971?
205419971
What are the prime factors of 855146960?
2, 5, 37, 251, 1151
What are the prime factors of 426382545?
3, 5, 28425503
List the prime factors of 994417441.
43, 23125987
List the prime factors of 1774648443.
3, 1237, 478213
List the prime factors of 2031358455.
3, 5, 7, 151, 6101
List the prime factors of 5416110056.
2, 7, 19, 761, 6689
List the prime factors of 105372982.
2, 11, 13, 23, 83, 193
What are the prime factors of 50708987?
7, 7244141
List the prime factors of 44820836.
2, 23, 487183
List the prime factors of 1311444944.
2, 81965309
What are the prime factors of 74264516?
2, 23, 577, 1399
List the prime factors of 957696978.
2, 3, 7, 691, 32999
List the prime factors of 1197550979.
1197550979
List the prime factors of 35736025.
5, 13, 31, 3547
What are the prime factors of 1863221552?
2, 116451347
List the prime factors of 124786662.
2, 3, 7, 11, 13, 79, 263
What are the prime factors of 2338686166?
2, 41, 431, 66173
List the prime factors of 301109853.
3, 11, 19, 563, 853
List the prime factors of 2593128032.
2, 11, 29, 53, 4793
List the prime factors of 198200175.
3, 5, 47, 59, 953
List the prime factors of 959752088.
2, 4